
{"version":"1.0","provider_name":"Sarah Roubato","provider_url":"https:\/\/www.sarahroubato.com\/es","author_name":"Sarah Roubato","author_url":"https:\/\/www.sarahroubato.com\/es\/author\/sarah\/","title":"Les mouvements sociaux face \u00e0 la crise de la repr\u00e9sentation - Sarah Roubato","type":"rich","width":600,"height":338,"html":"<blockquote class=\"wp-embedded-content\" data-secret=\"9AxXL1oz8I\"><a href=\"https:\/\/www.sarahroubato.com\/es\/analyses\/representation\/\">Les mouvements sociaux face \u00e0 la crise de la repr\u00e9sentation<\/a><\/blockquote><iframe sandbox=\"allow-scripts\" security=\"restricted\" src=\"https:\/\/www.sarahroubato.com\/es\/analyses\/representation\/embed\/#?secret=9AxXL1oz8I\" width=\"600\" height=\"338\" title=\"\u00abLes mouvements sociaux face \u00e0 la crise de la repr\u00e9sentation\u00bb \u2014 Sarah Roubato\" data-secret=\"9AxXL1oz8I\" frameborder=\"0\" marginwidth=\"0\" marginheight=\"0\" scrolling=\"no\" class=\"wp-embedded-content\"><\/iframe><script type=\"text\/javascript\">\n\/*! This file is auto-generated *\/\n!function(d,l){\"use strict\";var e=!1,o=!1;if(l.querySelector)if(d.addEventListener)e=!0;if(d.wp=d.wp||{},!d.wp.receiveEmbedMessage)if(d.wp.receiveEmbedMessage=function(e){var t=e.data;if(t)if(t.secret||t.message||t.value)if(!\/[^a-zA-Z0-9]\/.test(t.secret)){for(var r,a,i,s=l.querySelectorAll('iframe[data-secret=\"'+t.secret+'\"]'),n=l.querySelectorAll('blockquote[data-secret=\"'+t.secret+'\"]'),o=new RegExp(\"^https?:$\",\"i\"),c=0;c<n.length;c++)n[c].style.display=\"none\";for(c=0;c<s.length;c++)if(r=s[c],e.source===r.contentWindow){if(r.removeAttribute(\"style\"),\"height\"===t.message){if(1e3<(i=parseInt(t.value,10)))i=1e3;else if(~~i<200)i=200;r.height=i}if(\"link\"===t.message)if(a=l.createElement(\"a\"),i=l.createElement(\"a\"),a.href=r.getAttribute(\"src\"),i.href=t.value,o.test(i.protocol))if(i.host===a.host)if(l.activeElement===r)d.top.location.href=t.value}}},e)d.addEventListener(\"message\",d.wp.receiveEmbedMessage,!1),l.addEventListener(\"DOMContentLoaded\",t,!1),d.addEventListener(\"load\",t,!1);function t(){if(!o){o=!0;for(var e,t,r,a=-1!==navigator.appVersion.indexOf(\"MSIE 10\"),i=!!navigator.userAgent.match(\/Trident.*rv:11\\.\/),s=l.querySelectorAll(\"iframe.wp-embedded-content\"),n=0;n<s.length;n++){if(!(r=(t=s[n]).getAttribute(\"data-secret\")))r=Math.random().toString(36).substr(2,10),t.src+=\"#?secret=\"+r,t.setAttribute(\"data-secret\",r);if(a||i)(e=t.cloneNode(!0)).removeAttribute(\"security\"),t.parentNode.replaceChild(e,t);t.contentWindow.postMessage({message:\"ready\",secret:r},\"*\")}}}}(window,document);\n<\/script>\n","thumbnail_url":"https:\/\/www.sarahroubato.com\/wp-content\/uploads\/2019\/03\/afaya.jpg","thumbnail_width":750,"thumbnail_height":400,"description":"Quelque chose monte, qui vient de loin. Des ronds-points aux rues de la capitale, des milliers de jaunes aux centaines de verts, des oubli\u00e9s de la p\u00e9riph\u00e9rie aux \u00e9tudiants des centre villes, ils agacent ou font sourire, effraient ou donnent espoir. Ils viennent perturber le ronron de celle qu\u2019on voudrait \u00e9ternelle, notre ch\u00e8re Cinqui\u00e8me R\u00e9publique. [&hellip;]"}

Les mouvements sociaux face à la crise de la représentation - Sarah Roubato

<blockquote class="wp-embedded-content" data-secret="9AxXL1oz8I"><a href="https://www.sarahroubato.com/es/analyses/representation/">Les mouvements sociaux face à la crise de la représentation</a></blockquote><iframe sandbox="allow-scripts" security="restricted" src="https://www.sarahroubato.com/es/analyses/representation/embed/#?secret=9AxXL1oz8I" width="600" height="338" title="«Les mouvements sociaux face à la crise de la représentation» — Sarah Roubato" data-secret="9AxXL1oz8I" frameborder="0" marginwidth="0" marginheight="0" scrolling="no" class="wp-embedded-content"></iframe><script type="text/javascript">
/*! This file is auto-generated */
!function(d,l){"use strict";var e=!1,o=!1;if(l.querySelector)if(d.addEventListener)e=!0;if(d.wp=d.wp||{},!d.wp.receiveEmbedMessage)if(d.wp.receiveEmbedMessage=function(e){var t=e.data;if(t)if(t.secret||t.message||t.value)if(!/[^a-zA-Z0-9]/.test(t.secret)){for(var r,a,i,s=l.querySelectorAll('iframe[data-secret="'+t.secret+'"]'),n=l.querySelectorAll('blockquote[data-secret="'+t.secret+'"]'),o=new RegExp("^https?:$","i"),c=0;c<n.length;c++)n[c].style.display="none";for(c=0;c<s.length;c++)if(r=s[c],e.source===r.contentWindow){if(r.removeAttribute("style"),"height"===t.message){if(1e3<(i=parseInt(t.value,10)))i=1e3;else if(~~i<200)i=200;r.height=i}if("link"===t.message)if(a=l.createElement("a"),i=l.createElement("a"),a.href=r.getAttribute("src"),i.href=t.value,o.test(i.protocol))if(i.host===a.host)if(l.activeElement===r)d.top.location.href=t.value}}},e)d.addEventListener("message",d.wp.receiveEmbedMessage,!1),l.addEventListener("DOMContentLoaded",t,!1),d.addEventListener("load",t,!1);function t(){if(!o){o=!0;for(var e,t,r,a=-1!==navigator.appVersion.indexOf("MSIE 10"),i=!!navigator.userAgent.match(/Trident.*rv:11\./),s=l.querySelectorAll("iframe.wp-embedded-content"),n=0;n<s.length;n++){if(!(r=(t=s[n]).getAttribute("data-secret")))r=Math.random().toString(36).substr(2,10),t.src+="#?secret="+r,t.setAttribute("data-secret",r);if(a||i)(e=t.cloneNode(!0)).removeAttribute("security"),t.parentNode.replaceChild(e,t);t.contentWindow.postMessage({message:"ready",secret:r},"*")}}}}(window,document);
</script>

Quelque chose monte, qui vient de loin. Des ronds-points aux rues de la capitale, des milliers de jaunes aux centaines de verts, des oubliés de la périphérie aux étudiants des centre villes, ils agacent ou font sourire, effraient ou donnent espoir. Ils viennent perturber le ronron de celle qu’on voudrait éternelle, notre chère Cinquième République. [&hellip;]
